 (-171)/(-12) - (-1)/m.
9
Let l be 4/6*-12*(-3)/6. Suppose 3*p - l = -4*r, -5*p = r - 22 - 13. Calculate the remainder when 15 is divided by p.
7
Suppose 4*q - 171*a - 997 = -168*a, q - 245 = 5*a. Calculate the remainder when q is divided by 25.
0
Suppose -4 = -b - 0. Suppose 84 = b*n + 8. Suppose 15*y + 91 = 196. Calculate the remainder when n is divided by y.
5
Suppose 278*s - 249*s - 725 = 0. Calculate the remainder when 505 is divided by s.
5
Suppose -3*z - 2*h = -106, -81 = -4*z - h + 67. Let w = 44010 + -44007. Calculate the remainder when z is divided by w.
2
Suppose 4*j + 24 = 3*y - 0*j, 0 = y - 3*j - 3. What is the remainder when 34 is divided by y?
10
Calculate the remainder when 7561 is divided by 31155/(-804)*2/10*-2*8.
121
Let y(g) = -2*g**3 + 662*g**2 + 4038*g + 2067. Suppose -3*b = -0*b - 12. Let m(k) = k**2 - 2*k + 4. Calculate the remainder when y(337) is divided by m(b).
9
Let v(h) be the first derivative of -77*h**2/2 - 9*h - 27. Let i be v(3). Let t = i + 346. Calculate the remainder when t is divided by 11.
7
Suppose 8*g + 98*g = -69*g + 21350. Calculate the remainder when 503 is divided by g.
15
Let i(h) = -2*h**3 + 5*h**2 + 213*h - 221. Let t(s) = -s + 20. Calculate the remainder when i(11) is divided by t(0).
5
Let t = 24476 + -24322. Calculate the remainder when 778 is divided by t.
8
Let j(v) = 2*v**3 - 159*v**2 - 80*v + 232. Calculate the remainder when 939 is divided by j(80).
11
Let x(m) = 351*m + 3413. Calculate the remainder when 985 is divided by x(-7).
29
What is the remainder when 381 is divided by 69/(-46)*(724/(-6) + 2)?
25
Let x be (45/(-4))/(6 - (-25)/(-4)). Let v = 143 + x. Calculate the remainder when v is divided by 13.
6
Let h be (5 - 84 - -4) + -5. Let c = h - -78. Let j = 44 + c. What is the remainder when j is divided by 23?
19
Let f(s) = -s**2 + 36*s + 173. What is the remainder when 35 + 3 - (2 + -6) is divided by f(40)?
3
Suppose -6*p + 240 = -p. Let x = 51 - p. Suppose 4*q = -x*o + 353, -q = 3*q - o - 357. What is the remainder when q is divided by 18?
17
Suppose -4076 - 5812 = -15*p - 88*p. Calculate the remainder when 642 is divided by p.
66
Let m = -564 - -682. Calculate the remainder when 1055 is divided by m.
111
Let f be (1/(-2))/(4*(-3)/(-216)). Let n be (339/4)/((-5)/80). Calculate the remainder when 3/(3/f - 488/n) is divided by 29.
26
Let y = 28 - 38. Let p be (4/y)/(2/10). Calculate the remainder when 4 is divided by ((1 - 1) + -6)/p.
1
Suppose 65*x = 123*x - 77*x + 9519. What is the remainder when 1027 is divided by x?
25
What is the remainder when 600 is divided by 3/((-5)/(3395/(-21))) + 0?
18
Let w(i) = -8*i**2 + 114*i - 19. Calculate the remainder when w(9) is divided by 29.
11
Let a = -24 + 53. Let y be 26/13 + -2 + (-1 - 48). Let h = 135 + y. Calculate the remainder when h is divided by a.
28
Let h = 23022 - 23002. Calculate the remainder when 3778 is divided by h.
18
Suppose -2*i + 87 = 2*u - 319, i = 5*u - 985. What is the remainder when 1185 is divided by u?
195
Let c = -41617 - -41626. Suppose y - 3*y = -5*v - 108, -3*y + 5*v + 157 = 0. What is the remainder when y is divided by c?
4
Let c(a) be the third derivative of -a**4/24 - 5*a**3/6 - 8*a**2. Let r be c(2). Calculate the remainder when 84 is divided by 8/(-84)*r*(-33)/(-1).
18
Let p(q) = 81*q + 686. Calculate the remainder when 66 is divided by p(-8).
28
Let h(b) = b**3 - 50*b**2 + 338*b + 168. Calculate the remainder when h(42) is divided by 68.
48
Let m(r) = 3*r**2 + 2*r. Suppose -3 = f, -f + 4 = -2*z - 35. Calculate the remainder when m(-3) is divided by (z/28)/(2/(-32)).
9
Suppose -2*l - 4*z + 2 = -10, 4*z = l - 12. Suppose 205 = l*w + 21. Suppose -3*x + w = m - x, -3*m + 79 = x. What is the remainder when 76 is divided by m?
22
What is the remainder when 130 is divided by (-9)/(-6)*(-308)/(-33)?
4
Let o(b) = b**2 - 75*b - 1757. Calculate the remainder when 6404 is divided by o(-19).
24
Suppose 45*h = 7*h - h + 2808. What is the remainder when 74 is divided by h?
2
Let f(r) = r**2 + 9*r - 60. Suppose -17*j + 2*j + 4530 = 0. What is the remainder when j is divided by f(-16)?
42
Let t = 1 - 0. Let f(l) = 16*l**2 - 5*l - 5. Calculate the remainder when f(-2) is divided by (t - 145/25)/(2/(-10)).
21
Let u(m) = -m**3 - 10*m**2 - 8*m + 13. Let j be u(-9). Suppose 0 = -g + 5*p + 20, -3*p = j*g - p - 14. What is the remainder when 52 is divided by g?
2
Let l(b) = 6*b**2 + b + 11. Suppose 0 = 5*o - k - 205, 34*k = -2*o + 36*k + 90. What is the remainder when l(-5) is divided by o?
36
Suppose -197 = -3*a - u, -356*a + 351*a + u = -339. Calculate the remainder when 736 is divided by a.
66
Suppose f - 6291 = -5*h - 5933, 306 = 4*h - 2*f. Suppose -v = -2*v + 39. What is the remainder when h is divided by v?
34
Suppose 311 = 4*i - x, 220*x = 225*x - 5. What is the remainder when 8577 is divided by i?
75
Let f(h) = -8*h**2 + 34 + 4*h**2 - h - 10. Let v(g) = 3*g**2 + g - 16. Let o(d) = 5*f(d) + 7*v(d). What is the remainder when 19 is divided by o(-3)?
8
Let f = 4282 + -3024. What is the remainder when f is divided by 180?
178
Suppose 0 = -15*q + 1420 - 715. What is the remainder when 796 is divided by q?
44
Suppose -2259 + 874 = -5*q. Suppose 2*o = 4*v - 2*o - 228, 5*v = o + q. Calculate the remainder when 67 is divided by v.
12
Let m(n) = 18*n - 88. Let v be m(5). Calculate the remainder when 509 is divided by v + (-591)/(-21) + (-26)/182.
29
Let x = -34356 + 34364. Calculate the remainder when 26742 is divided by x.
6
Suppose 170*w + 14436 - 623353 = 512743. Calculate the remainder when w is divided by 75.
73
Let p(v) = -199*v - 1337. Suppose -76 = -5*k - 4*d, -2*k + 3*d + 40 = 7*d. What is the remainder when p(-7) is divided by k?
8
Suppose 33*a + 7 + 209 = 60*a. Calculate the remainder when 3668 is divided by a.
4
Let h(q) = -71*q - 162. What is the remainder when h(-17) is divided by 31?
22
Suppose 5027*g - 5055*g + 124712 = 0. Calculate the remainder when g is divided by 55.
54
Let h(g) = g**3 + 14*g**2 + 23*g - 49. Calculate the remainder when 147 is divided by h(-11).
25
Suppose -28*w - 38 + 10 = 0. What is the remainder when ((-430)/6)/(w/3) is divided by 6?
5
Suppose -36*v - 74 - 142 = 0. Let h(n) = 7*n**2 + 42*n + 18. What is the remainder when 43 is divided by h(v)?
7
Suppose 0 = -43*m + 242068 + 87226. What is the remainder when m is divided by 9?
8
Suppose -25*j + 26832 = 14*j + 7059. What is the remainder when j is divided by 119?
31
Let k = -71 - -73. Let n be 37*k*(-2)/(-5)*-5. Let a = n + 169. Calculate the remainder when a is divided by 13.
8
Let i(v) = v**2 + 3*v - 3. Let y be i(5). Let d = -39 + y. Calculate the remainder when 11 is divided by d - 10/((-3)/3).
3
Let z = 2663 + -2608. What is the remainder when 382 is divided by z?
52
Suppose 88*i - 7429 = 107*i. Let y = -365 - i. What is the remainder when y is divided by 8?
2
Let w = -34 + 150. Let a = -594 + 533. Let m = a + w. Calculate the remainder when 108 is divided by m.
53
Let x = -3644 + 4903. What is the remainder when x is divided by 1247?
12
Suppose o + 5 = 5*r - 5, 0 = 3*o + 4*r - 27. Let s(a) = 43*a - 766. What is the remainder when s(18) is divided by o?
3
Let d(g) = 17*g + 20. Suppose -6*y + 19 = 25. What is the remainder when 90 is divided by d(y)?
0
Suppose 5*r = 2 + 8, 4*r + 2340 = -4*u. Let f = u - -618. Let k(v) = -3*v - 2. Calculate the remainder when f is divided by k(-3).
3
Let j = 42 - 9. Suppose 0 = -11*s + 132 - j. Suppose 4*l = s*l - 165. Calculate the remainder when 97 is divided by l.
31
Let s = 13 - -7. Suppose t = 37*t - 4284. What is the remainder when t is divided by s?
19
Let b(r) = 39*r**2 + 5*r - 23. Let c be b(-3). Let q = c - 194. Calculate the remainder when q is divided by 34.
17
Let x = -348 + 593. Suppose x = -4*d + 317. Calculate the remainder when 55 is divided by d.
1
What is the remainder when 167 is divided by (42/(-77))/((-3)/58) - (-96)/(-176)?
7
Let j be -5*1*((-6)/6 - 0). Suppose j*o - 8 = 12. Suppose -5*d + 15 = 5*m, -3*m + 3*d + 15 = o*d. What is the remainder when 27 is divided by m?
3
Suppose -4*g - 5*s = 177, 3*g + g + 170 = 2*s. Let p = g - -30. Let c = 16 - p. What is the remainder when c is divided by 8?
5
Calculate the remainder when 554 is divided by 1400/(-245)*(-3 - 4).
34
Let w(z) = 3*z**